{"id":62355,"date":"2019-04-09T16:24:59","date_gmt":"2019-04-09T19:24:59","guid":{"rendered":"http:\/\/hostgator.cfa.org.br\/cramodelo\/?page_id=62355"},"modified":"2026-01-08T17:23:52","modified_gmt":"2026-01-08T20:23:52","slug":"valores-de-multas","status":"publish","type":"page","link":"https:\/\/crarn.org.br\/?page_id=62355","title":{"rendered":"Valores de Multas"},"content":{"rendered":"\t\t<div data-elementor-type=\"wp-post\" data-elementor-id=\"62355\" class=\"elementor elementor-62355\">\n\t\t\t\t\t\t<section class=\"elementor-section elementor-top-section elementor-element elementor-element-a7947fe elementor-section-boxed elementor-section-height-default elementor-section-height-default\" data-id=\"a7947fe\" data-element_type=\"section\" data-e-type=\"section\">\n\t\t\t\t\t\t<div class=\"elementor-container elementor-column-gap-default\">\n\t\t\t\t\t<div class=\"elementor-column elementor-col-100 elementor-top-column elementor-element elementor-element-98f7f18\" data-id=\"98f7f18\" data-element_type=\"column\" data-e-type=\"column\">\n\t\t\t<div class=\"elementor-widget-wrap elementor-element-populated\">\n\t\t\t\t\t\t<div class=\"elementor-element elementor-element-5d6e38d elementor-widget elementor-widget-heading\" data-id=\"5d6e38d\" data-element_type=\"widget\" data-e-type=\"widget\" data-widget_type=\"heading.default\">\n\t\t\t\t<div class=\"elementor-widget-container\">\n\t\t\t\t\t<h2 class=\"elementor-heading-title elementor-size-default\">VALORES DE MULTAS<\/h2>\t\t\t\t<\/div>\n\t\t\t\t<\/div>\n\t\t\t\t<div class=\"elementor-element elementor-element-91b0af5 elementor-widget elementor-widget-text-editor\" data-id=\"91b0af5\" data-element_type=\"widget\" data-e-type=\"widget\" data-widget_type=\"text-editor.default\">\n\t\t\t\t<div class=\"elementor-widget-container\">\n\t\t\t\t\t\t\t\t\t<p style=\"color: #777777; line-height: 24px; font-family: 'Open Sans', Arial, sans-serif; font-size: 14px; font-style: normal; font-variant-ligatures: normal; font-variant-caps: normal; font-weight: 400;\"><span style=\"font-size: large;\">Conforme<strong> RESOLU\u00c7\u00c3O NORMATIVA CFA N\u00ba 677, DE 12 DE novembro DE 2025 <\/strong>os valores das multas aplicadas para pessoas f\u00edsicas e jur\u00eddicas, s\u00e3o os seguintes:<\/span><\/p><table style=\"font-family: 'Open Sans', Arial, sans-serif; width: 100.163%; height: 1054px;\" border=\"2\" cellspacing=\"2\" cellpadding=\"2\" align=\"left\"><tbody><tr style=\"background-color: #d8dade;\" align=\"center\" valign=\"middle\"><td style=\"padding-top: 0px; padding-right: 0px; padding-bottom: 0px; width: 83.2229%; height: 45px;\" width=\"518\"><p style=\"color: #777777; line-height: 24px;\" align=\"center\"><strong><span style=\"font-size: large;\">Multas &#8211; Pessoa F\u00edsica<\/span><\/strong><\/p><\/td><td style=\"padding-top: 0px; padding-bottom: 0px; padding-left: 0px; width: 15.6696%; height: 45px;\" width=\"94\"><p style=\"color: #777777; line-height: 24px;\" align=\"center\"><strong><span style=\"font-size: large;\">Valor (R$)<\/span><\/strong><\/p><\/td><\/tr><tr style=\"background-color: #efeff0;\" align=\"center\" valign=\"middle\"><td style=\"padding-top: 0px; padding-bottom: 0px; width: 98.8925%; height: 45px;\" colspan=\"2\" width=\"612\"><p style=\"color: #777777; line-height: 24px;\" align=\"center\"><span style=\"font-size: large;\"><em>Exerc\u00edcio ilegal da Profiss\u00e3o<\/em><\/span><\/p><\/td><\/tr><tr style=\"height: 45px;\"><td style=\"padding-top: 0px; padding-right: 0px; padding-bottom: 0px; width: 83.2229%; height: 45px;\" width=\"518\"><p style=\"color: #777777; line-height: 24px;\"><span style=\"font-size: large;\">Falta de Registro Profissional no CRA<\/span><\/p><\/td><td style=\"padding-top: 0px; padding-bottom: 0px; padding-left: 0px; width: 15.6696%; height: 45px;\" width=\"94\"><p style=\"color: #777777; line-height: 24px;\" align=\"right\"><strong><span style=\"font-size: large;\">R$ 1.239,28<\/span><\/strong><\/p><\/td><\/tr><tr style=\"height: 45px;\"><td style=\"padding-top: 0px; padding-right: 0px; padding-bottom: 0px; width: 83.2229%; height: 45px;\" width=\"518\"><p style=\"color: #777777; line-height: 24px;\"><span style=\"font-size: large;\">N\u00e3o Graduado em Administra\u00e7\u00e3o<\/span><\/p><\/td><td style=\"padding-top: 0px; padding-bottom: 0px; padding-left: 0px; width: 15.6696%; height: 45px;\" width=\"94\"><p style=\"color: #777777; line-height: 24px;\" align=\"right\"><strong><span style=\"font-size: large;\">R$ 4.972,55<\/span><\/strong><\/p><\/td><\/tr><tr style=\"background-color: #efeff0;\" align=\"center\" valign=\"middle\"><td style=\"padding-top: 0px; padding-bottom: 0px; width: 98.8925%; height: 45px;\" colspan=\"2\" width=\"612\"><p style=\"color: #777777; line-height: 24px;\" align=\"center\"><span style=\"font-size: large;\"><em>Sonega\u00e7\u00e3o de informa\u00e7\u00f5es\/documentos<\/em><\/span><\/p><\/td><\/tr><tr style=\"height: 45px;\"><td style=\"padding-top: 0px; padding-right: 0px; padding-bottom: 0px; width: 83.2229%; height: 45px;\" width=\"518\"><p style=\"color: #777777; line-height: 24px;\"><span style=\"font-size: large;\">Embara\u00e7o \u00e0 Fiscaliza\u00e7\u00e3o<\/span><\/p><\/td><td style=\"padding-top: 0px; padding-bottom: 0px; padding-left: 0px; width: 15.6696%; height: 45px;\" width=\"94\"><p style=\"color: #777777; line-height: 24px;\" align=\"right\"><strong><span style=\"font-size: large;\">R$ 4.972,55<\/span><\/strong><\/p><\/td><\/tr><tr style=\"background-color: #d8dade;\" align=\"center\" valign=\"middle\"><td style=\"padding-top: 0px; padding-right: 0px; padding-bottom: 0px; width: 83.2229%; height: 45px;\" width=\"518\"><p style=\"color: #777777; line-height: 24px;\" align=\"center\"><strong><span style=\"font-size: large;\">Multas &#8211; Pessoa Jur\u00eddica<\/span><\/strong><\/p><\/td><td style=\"padding-top: 0px; padding-bottom: 0px; padding-left: 0px; width: 15.6696%; height: 45px;\" width=\"94\"><p style=\"color: #777777; line-height: 24px;\" align=\"center\"><strong><span style=\"font-size: large;\">Valor (R$)<\/span><\/strong><\/p><\/td><\/tr><tr style=\"height: 45px;\"><td style=\"padding-top: 0px; padding-right: 0px; padding-bottom: 0px; width: 98.8925%; height: 45px;\" colspan=\"2\" width=\"518\"><p style=\"color: #777777; line-height: 24px;\">a) Falta de registro de Pessoa Jur\u00eddica no CRA, de acordo com as seguintes classes de capital social:<\/p><\/td><\/tr><tr style=\"height: 45px;\"><td style=\"padding-top: 0px; padding-right: 0px; padding-bottom: 0px; width: 83.2229%; height: 45px;\" width=\"518\">a.1) At\u00e9 R$ 50.000,00<\/td><td style=\"padding-top: 0px; padding-bottom: 0px; padding-left: 0px; width: 15.6696%; height: 45px; text-align: right;\" width=\"94\">\u00a0<strong>R$ 851,41<\/strong><\/td><\/tr><tr style=\"height: 24px;\"><td style=\"padding-top: 0px; padding-right: 0px; padding-bottom: 0px; width: 83.2229%; height: 24px;\">a.2) De R$ 50.000,01 a R$ 200.000,00<\/td><td style=\"padding-top: 0px; padding-bottom: 0px; padding-left: 0px; width: 15.6696%; text-align: right; height: 24px;\"><strong>R$ 1.175,90<\/strong><\/td><\/tr><tr style=\"height: 24px;\"><td style=\"padding-top: 0px; padding-right: 0px; padding-bottom: 0px; width: 83.2229%; height: 24px;\">a.3) De R$ 200.000,01 a R$ 500.000,00<\/td><td style=\"padding-top: 0px; padding-bottom: 0px; padding-left: 0px; width: 15.6696%; text-align: right; height: 24px;\"><strong>R$ 1.625,58<\/strong><\/td><\/tr><tr style=\"height: 24px;\"><td style=\"padding-top: 0px; padding-right: 0px; padding-bottom: 0px; width: 83.2229%; height: 24px;\">a.4) De 500.000,01 a R$ 1.000.000,00<\/td><td style=\"padding-top: 0px; padding-bottom: 0px; padding-left: 0px; width: 15.6696%; text-align: right; height: 24px;\"><strong>R$ 2.252,95<\/strong><\/td><\/tr><tr style=\"height: 45px;\"><td style=\"padding-top: 0px; padding-right: 0px; padding-bottom: 0px; width: 83.2229%; height: 45px;\" width=\"518\">a.5) De R$ 1.000.000,01 a R$ 2.000.000,00<\/td><td style=\"padding-top: 0px; padding-bottom: 0px; padding-left: 0px; width: 15.6696%; height: 45px; text-align: right;\" width=\"94\"><strong>R$ 3.113,65<\/strong><\/td><\/tr><tr style=\"height: 24px;\"><td style=\"padding-top: 0px; padding-right: 0px; padding-bottom: 0px; width: 83.2229%; height: 24px;\">a.6) De R$ 2.000.000,01 a R$ 10.000.000,00<\/td><td style=\"padding-top: 0px; padding-bottom: 0px; padding-left: 0px; width: 15.6696%; text-align: right; height: 24px;\"><strong>R$ 4.306,57<\/strong><\/td><\/tr><tr style=\"height: 24px;\"><td style=\"padding-top: 0px; padding-right: 0px; padding-bottom: 0px; width: 83.2229%; height: 24px;\">a.7) Acima de R$ 10.000.000,01<\/td><td style=\"padding-top: 0px; padding-bottom: 0px; padding-left: 0px; width: 15.6696%; text-align: right; height: 24px;\"><strong>R$ 5.956,88<\/strong><\/td><\/tr><tr style=\"height: 24px;\"><td style=\"padding-top: 0px; padding-right: 0px; padding-bottom: 0px; width: 83.2229%; height: 24px;\"><span style=\"color: #000000;\">b) Coniv\u00eancia com o exerc\u00edcio ilegal da Profiss\u00e3o de Administrador<\/span><\/td><td style=\"padding-top: 0px; padding-bottom: 0px; padding-left: 0px; width: 15.6696%; text-align: right; height: 24px;\"><span style=\"color: #000000;\"><strong>R$ 4.972,55<\/strong><\/span><\/td><\/tr><tr style=\"height: 24px;\"><td style=\"width: 83.2229%; height: 24px;\"><span style=\"color: #000000;\">c) Falta do Administrador Respons\u00e1vel T\u00e9cnico<\/span><\/td><td style=\"width: 15.6696%; text-align: right; height: 24px;\"><span style=\"color: #000000;\"><strong>R$ 2.976,14<\/strong><\/span><\/td><\/tr><tr style=\"height: 48px;\"><td style=\"width: 98.8925%; height: 48px;\" colspan=\"2\"><span style=\"color: #000000;\"> d) Pela falta de pagamento da anuidade do CRA, de acordo com as seguintes classes de Capital Social:<\/span><\/td><\/tr><tr style=\"height: 45px;\"><td style=\"padding-top: 0px; padding-right: 0px; padding-bottom: 0px; width: 83.2229%; height: 45px;\" width=\"518\"><p style=\"color: #777777; line-height: 24px;\"><span style=\"font-size: large; color: #000000;\">d.1)\u00a0At\u00e9 R$ 50.000,00\u00a0<\/span><\/p><\/td><td style=\"padding-top: 0px; padding-bottom: 0px; padding-left: 0px; width: 15.6696%; height: 45px;\" width=\"94\"><p style=\"color: #777777; line-height: 24px;\" align=\"right\"><span style=\"color: #000000;\"><strong><span style=\"font-size: large;\">R$ 851,41<\/span><\/strong><\/span><\/p><\/td><\/tr><tr style=\"height: 47px;\"><td style=\"padding-top: 0px; padding-right: 0px; padding-bottom: 0px; width: 83.2229%; height: 47px;\" width=\"518\"><p style=\"color: #777777; line-height: 24px;\"><span style=\"font-size: large; color: #000000;\">d.2) De R$ 50.000,01 a R$ 200.000,00\u00a0<\/span><\/p><\/td><td style=\"padding-top: 0px; padding-bottom: 0px; padding-left: 0px; width: 15.6696%; height: 47px;\" width=\"94\"><strong><span style=\"font-size: large;\">R$ 1.175,90<\/span><\/strong><\/td><\/tr><tr style=\"height: 47px;\"><td style=\"width: 83.2229%; height: 47px;\" width=\"474\"><span style=\"font-size: 12pt;\"><span style=\"font-size: large;\">d.3) De R$ 200.000,01 a R$500.000,00<\/span><\/span><\/td><td style=\"width: 15.6696%; height: 47px;\" width=\"113\"><p style=\"text-align: right;\"><span style=\"font-size: large;\"><strong>R$<\/strong> <strong>1.625,58<\/strong><\/span><\/p><\/td><\/tr><tr style=\"height: 47px;\"><td style=\"width: 83.2229%; height: 47px;\" width=\"474\"><span style=\"font-size: 12pt;\"><span style=\"font-size: large;\">d.4) De R$ 500.000,01 a R$ 1.000.000,00<\/span><\/span><\/td><td style=\"width: 15.6696%; height: 47px;\" width=\"113\"><p style=\"text-align: right;\"><strong><span style=\"font-size: large;\">R$ 2.252,95<\/span><\/strong><\/p><\/td><\/tr><tr style=\"height: 47px;\"><td style=\"width: 83.2229%; height: 47px;\" width=\"474\"><span style=\"font-size: 12pt;\"><span style=\"font-size: large;\">d.5) De R$ 1.000.000,01 a R$ 2.000.000,00<\/span><\/span><\/td><td style=\"width: 15.6696%; height: 47px;\" width=\"113\"><p style=\"text-align: right;\"><strong><span style=\"font-size: large;\">R$ 3.113,65<\/span><\/strong><\/p><\/td><\/tr><tr style=\"height: 47px;\"><td style=\"width: 83.2229%; height: 47px;\" width=\"474\"><span style=\"font-size: 12pt;\"><span style=\"font-size: large;\">d.6) De R$ 2.000.000,01 a R$ 10.000.000,00<\/span><\/span><\/td><td style=\"width: 15.6696%; height: 47px;\" width=\"113\"><p style=\"text-align: right;\"><strong><span style=\"font-size: large;\">R$ 4.306,57<\/span><\/strong><\/p><\/td><\/tr><tr style=\"height: 44px;\"><td style=\"width: 83.2229%; height: 44px;\" width=\"474\"><span style=\"font-size: 12pt;\"><span style=\"font-size: large;\">d.7) Acima de R$ 10.000.000,01<\/span><\/span><\/td><td style=\"width: 15.6696%; height: 44px;\" width=\"113\"><p style=\"text-align: right;\"><strong><span style=\"font-size: large;\">R$ 5.956,88<\/span><\/strong><\/p><\/td><\/tr><tr style=\"height: 64px;\"><td style=\"width: 83.2229%; height: 64px;\" width=\"474\"><span style=\"font-size: large;\">e) Sonega\u00e7\u00e3o de informa\u00e7\u00f5es\/documentos &#8211; Embara\u00e7o \u00e0 Fiscaliza\u00e7\u00e3o<\/span><\/td><td style=\"width: 15.6696%; height: 64px;\" width=\"113\"><p style=\"text-align: right;\"><strong><span style=\"font-size: large;\">R$ 4.972,55<\/span><\/strong><\/p><\/td><\/tr><\/tbody><\/table>\t\t\t\t\t\t\t\t<\/div>\n\t\t\t\t<\/div>\n\t\t\t\t\t<\/div>\n\t\t<\/div>\n\t\t\t\t\t<\/div>\n\t\t<\/section>\n\t\t\t\t<section class=\"elementor-section elementor-top-section elementor-element elementor-element-8c0f336 elementor-section-boxed elementor-section-height-default elementor-section-height-default\" data-id=\"8c0f336\" data-element_type=\"section\" data-e-type=\"section\">\n\t\t\t\t\t\t<div class=\"elementor-container elementor-column-gap-default\">\n\t\t\t\t\t<div class=\"elementor-column elementor-col-100 elementor-top-column elementor-element elementor-element-5cca80f\" data-id=\"5cca80f\" data-element_type=\"column\" data-e-type=\"column\">\n\t\t\t<div class=\"elementor-widget-wrap\">\n\t\t\t\t\t\t\t<\/div>\n\t\t<\/div>\n\t\t\t\t\t<\/div>\n\t\t<\/section>\n\t\t\t\t<section class=\"elementor-section elementor-top-section elementor-element elementor-element-c34634d elementor-section-boxed elementor-section-height-default elementor-section-height-default\" data-id=\"c34634d\" data-element_type=\"section\" data-e-type=\"section\">\n\t\t\t\t\t\t<div class=\"elementor-container elementor-column-gap-default\">\n\t\t\t\t\t<div class=\"elementor-column elementor-col-100 elementor-top-column elementor-element elementor-element-dffae8b\" data-id=\"dffae8b\" data-element_type=\"column\" data-e-type=\"column\">\n\t\t\t<div class=\"elementor-widget-wrap elementor-element-populated\">\n\t\t\t\t\t\t<div class=\"elementor-element elementor-element-67b2c4e elementor-widget elementor-widget-text-editor\" data-id=\"67b2c4e\" data-element_type=\"widget\" data-e-type=\"widget\" data-widget_type=\"text-editor.default\">\n\t\t\t\t<div class=\"elementor-widget-container\">\n\t\t\t\t\t\t\t\t\t<p>Lorem ipsum dolor sit amet, consectetur adipiscing elit. Ut elit tellus, luctus nec ullamcorper mattis, pulvinar dapibus leo.<\/p>\t\t\t\t\t\t\t\t<\/div>\n\t\t\t\t<\/div>\n\t\t\t\t\t<\/div>\n\t\t<\/div>\n\t\t\t\t\t<\/div>\n\t\t<\/section>\n\t\t\t\t<\/div>\n\t\t","protected":false},"excerpt":{"rendered":"<p>VALORES DE MULTAS Conforme RESOLU\u00c7\u00c3O NORMATIVA CFA N\u00ba 677, DE 12 DE novembro DE 2025 os valores das multas aplicadas para pessoas f\u00edsicas e jur\u00eddicas, s\u00e3o os seguintes: Multas &#8211; Pessoa F\u00edsica Valor (R$) Exerc\u00edcio ilegal da Profiss\u00e3o Falta de Registro Profissional no CRA R$ 1.239,28 N\u00e3o Graduado em Administra\u00e7\u00e3o R$ 4.972,55 Sonega\u00e7\u00e3o de informa\u00e7\u00f5es\/documentos<a class=\"read-more\" href=\"https:\/\/crarn.org.br\/?page_id=62355\"> [&hellip;]<\/a><\/p>\n","protected":false},"author":25,"featured_media":0,"parent":0,"menu_order":0,"comment_status":"closed","ping_status":"closed","template":"","meta":{"_price":"","_stock":"","_tribe_ticket_header":"","_tribe_default_ticket_provider":"","_tribe_ticket_capacity":"0","_ticket_start_date":"","_ticket_end_date":"","_tribe_ticket_show_description":"","_tribe_ticket_show_not_going":false,"_tribe_ticket_use_global_stock":"","_tribe_ticket_global_stock_level":"","_global_stock_mode":"","_global_stock_cap":"","_tribe_rsvp_for_event":"","_tribe_ticket_going_count":"","_tribe_ticket_not_going_count":"","_tribe_tickets_list":"[]","_tribe_ticket_has_attendee_info_fields":false,"footnotes":"","_tec_slr_enabled":"","_tec_slr_layout":"","_links_to":"","_links_to_target":""},"class_list":["post-62355","page","type-page","status-publish","hentry","entry"],"ticketed":false,"_links":{"self":[{"href":"https:\/\/crarn.org.br\/index.php?rest_route=\/wp\/v2\/pages\/62355","targetHints":{"allow":["GET"]}}],"collection":[{"href":"https:\/\/crarn.org.br\/index.php?rest_route=\/wp\/v2\/pages"}],"about":[{"href":"https:\/\/crarn.org.br\/index.php?rest_route=\/wp\/v2\/types\/page"}],"author":[{"embeddable":true,"href":"https:\/\/crarn.org.br\/index.php?rest_route=\/wp\/v2\/users\/25"}],"replies":[{"embeddable":true,"href":"https:\/\/crarn.org.br\/index.php?rest_route=%2Fwp%2Fv2%2Fcomments&post=62355"}],"version-history":[{"count":44,"href":"https:\/\/crarn.org.br\/index.php?rest_route=\/wp\/v2\/pages\/62355\/revisions"}],"predecessor-version":[{"id":68399,"href":"https:\/\/crarn.org.br\/index.php?rest_route=\/wp\/v2\/pages\/62355\/revisions\/68399"}],"wp:attachment":[{"href":"https:\/\/crarn.org.br\/index.php?rest_route=%2Fwp%2Fv2%2Fmedia&parent=62355"}],"curies":[{"name":"wp","href":"https:\/\/api.w.org\/{rel}","templated":true}]}}