{"id":56565,"date":"2018-02-09T09:26:11","date_gmt":"2018-02-09T11:26:11","guid":{"rendered":"http:\/\/hostgator.cfa.org.br\/cramodelo\/?page_id=56565"},"modified":"2025-05-21T15:33:48","modified_gmt":"2025-05-21T18:33:48","slug":"servicos-lei-de-responsabilidade-fiscal-lrf","status":"publish","type":"page","link":"https:\/\/crarn.org.br\/?page_id=56565","title":{"rendered":"Servi\u00e7os &#8211; Lei de Responsabilidade Fiscal &#8211; LRF"},"content":{"rendered":"<h1>Lei de Responsabilidade Fiscal &#8211; LRF<\/h1>\n<p style=\"text-align: center;\"><strong>Publica\u00e7\u00e3o feita pelo CFA<\/strong><\/p>\n<p>A presente publica\u00e7\u00e3o feita pelo Conselho Federal de Administra\u00e7\u00e3o mostra que os benef\u00edcios esperados da LRF dependem da aplica\u00e7\u00e3o de princ\u00edpios e pr\u00e1ticas de gest\u00e3o. Tem como finalidade auxiliar aos Dirigentes de organiza\u00e7\u00f5es subordinadas ao texto da Lei de Responsabilidade Fiscal a bem operarem os recursos disponibilizados pela Administra\u00e7\u00e3o. Al\u00e9m de apontar os aspectos relevantes da gest\u00e3o, impl\u00edcitos no texto legal, descreve temas e ferramentas \u00fateis \u00e0 pr\u00e1tica dos Dirigentes.<\/p>\n<p>Os temas de gest\u00e3o oferecem subs\u00eddios para criar as condi\u00e7\u00f5es necess\u00e1rias ao cumprimento da LRF, e tamb\u00e9m para gerar resultados organizacionais e sociais significativos. S\u00e3o ao todo 15 temas, entre os quais est\u00e3o: A pr\u00e1tica do planejamento; O preju\u00edzo de cortar pessoal; Estrat\u00e9gias \u00fateis na capacita\u00e7\u00e3o de fontes de recursos em organiza\u00e7\u00f5es p\u00fablicas; Perfil do Dirigente de alto desempenho; A \u00e9tica nas organiza\u00e7\u00f5es; Contrato de fest\u00e3o; Cultura organizacional; Mudan\u00e7a na organiza\u00e7\u00e3o.<\/p>\n<p>As ferramentas e pr\u00e1ticas humanizadas de gest\u00e3o s\u00e3o recursos que ajudam o Dirigente a ser mais eficiente e eficaz. Entre elas est\u00e3o: Gest\u00e3o de desempenho; Aprendizagem cont\u00ednua; Diagn\u00f3stico da organiza\u00e7\u00e3o; Gest\u00e3o de conflitos entre \u00e1reas da organiza\u00e7\u00e3o; Gest\u00e3o participativa; e T\u00e9cnicas de Reuni\u00e3o.<\/p>\n<p>&#8220;A Lei de Responsabilidade Fiscal: uma abordagem gerencial&#8221; inclui tamb\u00e9m os itens &#8220;Forma\u00e7\u00e3o do dirigente&#8221;, &#8220;Caso de gest\u00e3o&#8221; e &#8220;Texto para estudo e reflex\u00e3o&#8221;, visando ampliar as oportunidades de aperfei\u00e7oamento e desenvolvimento dos Dirigentes.<\/p>\n<p>A cole\u00e7\u00e3o \u00e9 composta de 3 volumes, enfocando:<\/p>\n<ul>\n<li>Vol. I &#8211; A Pr\u00e1tica da Gest\u00e3o e o Dirigente<\/li>\n<li>Vol. II &#8211; A Gest\u00e3o Impl\u00edcita no Texto da LRF<\/li>\n<li>Vol. III &#8211; Habilidades e Estrat\u00e9gias para a Instru\u00e7\u00e3o<\/li>\n<\/ul>\n<p><strong>Nota: Os exemplares n\u00e3o poder\u00e3o ser adquiridos separadamente.<\/strong><\/p>\n<blockquote><p>&#8220;&#8230;numa primeira an\u00e1lise de conte\u00fado, considero-o muito importante, especial\u00edssimamente os aspectos did\u00e1ticos-pedag\u00f3gicos contidos no \u00faltimo tomo. De parab\u00e9ns est\u00e1 o Sistema CFA\/CRAs por mais uma contribui\u00e7\u00e3o \u00e0 compreens\u00e3o dessa complexa tem\u00e1tica do nosso cotidiano.&#8221;<\/p>\n<p style=\"text-align: right;\">Prof. Agam\u00eamnom Rocha Souza<br \/>\nRio de Janeiro\/RJ<\/p>\n<\/blockquote>\n<blockquote><p>&#8220;&#8230;cumpre-nos, tamb\u00e9m, expressar sinceros votos de parab\u00e9ns ao CFA pela efetiva\u00e7\u00e3o desse trabalho, que, ao mesmo tempo que promove e valoriza os Administradores profissionais brasileiros, igualmente enseja uma das mais valiosas contribui\u00e7\u00f5es do Sistema CFA\/CRAs para a boa gest\u00e3o p\u00fablica do Brasil.&#8221;<\/p>\n<p style=\"text-align: right;\">Adm. M\u00e1rio de Almeida Tourinho<br \/>\nPresidente do CRA\/PB<\/p>\n<\/blockquote>\n<blockquote><p>&#8220;O Conselho Regional de Administra\u00e7\u00e3o do Rio Grande do Sul parabeniza toda a equipe envolvida na realiza\u00e7\u00e3o da obra trilogia &#8220;A Lei de Responsabilidade Fiscal: uma abordagem gerencial&#8221;. Afinal ela vem de encontro aos anseios da categoria principalmente no sentido de instrumentalizar as organiza\u00e7\u00f5es p\u00fablicas municipais e estaduais.&#8221;<\/p>\n<p style=\"text-align: right;\">Adm. Emir Jos\u00e9 Alves da Silva<br \/>\nPresidente do CRA\/RS<\/p>\n<\/blockquote>\n<blockquote><p>&#8220;Venho cumpriment\u00e1-lo pela edi\u00e7\u00e3o dos tr\u00eas volumes sobre &#8220;A Lei de Responsabilidade Fiscal: uma abordagem gerencial&#8221;. Essa iniciativa \u00e9 de todo elogi\u00e1vel e assinala um novo marco na nossa profiss\u00e3o.&#8221;<\/p>\n<p style=\"text-align: right;\">Adm. Jaime Jos\u00e9 Moura<br \/>\nConselheiro Suplente CRA\/SC<\/p>\n<\/blockquote>\n","protected":false},"excerpt":{"rendered":"<p>Lei de Responsabilidade Fiscal &#8211; LRF Publica\u00e7\u00e3o feita pelo CFA A presente publica\u00e7\u00e3o feita pelo Conselho Federal de Administra\u00e7\u00e3o mostra que os benef\u00edcios esperados da LRF dependem da aplica\u00e7\u00e3o de princ\u00edpios e pr\u00e1ticas de gest\u00e3o. Tem como finalidade auxiliar aos Dirigentes de organiza\u00e7\u00f5es subordinadas ao texto da Lei de Responsabilidade Fiscal a bem operarem os<a class=\"read-more\" href=\"https:\/\/crarn.org.br\/?page_id=56565\"> [&hellip;]<\/a><\/p>\n","protected":false},"author":25,"featured_media":0,"parent":0,"menu_order":0,"comment_status":"closed","ping_status":"closed","template":"","meta":{"_price":"","_stock":"","_tribe_ticket_header":"","_tribe_default_ticket_provider":"","_tribe_ticket_capacity":"0","_ticket_start_date":"","_ticket_end_date":"","_tribe_ticket_show_description":"","_tribe_ticket_show_not_going":false,"_tribe_ticket_use_global_stock":"","_tribe_ticket_global_stock_level":"","_global_stock_mode":"","_global_stock_cap":"","_tribe_rsvp_for_event":"","_tribe_ticket_going_count":"","_tribe_ticket_not_going_count":"","_tribe_tickets_list":"[]","_tribe_ticket_has_attendee_info_fields":false,"footnotes":"","_tec_slr_enabled":"","_tec_slr_layout":"","_links_to":"","_links_to_target":""},"class_list":["post-56565","page","type-page","status-publish","hentry","entry"],"ticketed":false,"_links":{"self":[{"href":"https:\/\/crarn.org.br\/index.php?rest_route=\/wp\/v2\/pages\/56565","targetHints":{"allow":["GET"]}}],"collection":[{"href":"https:\/\/crarn.org.br\/index.php?rest_route=\/wp\/v2\/pages"}],"about":[{"href":"https:\/\/crarn.org.br\/index.php?rest_route=\/wp\/v2\/types\/page"}],"author":[{"embeddable":true,"href":"https:\/\/crarn.org.br\/index.php?rest_route=\/wp\/v2\/users\/25"}],"replies":[{"embeddable":true,"href":"https:\/\/crarn.org.br\/index.php?rest_route=%2Fwp%2Fv2%2Fcomments&post=56565"}],"version-history":[{"count":1,"href":"https:\/\/crarn.org.br\/index.php?rest_route=\/wp\/v2\/pages\/56565\/revisions"}],"predecessor-version":[{"id":67887,"href":"https:\/\/crarn.org.br\/index.php?rest_route=\/wp\/v2\/pages\/56565\/revisions\/67887"}],"wp:attachment":[{"href":"https:\/\/crarn.org.br\/index.php?rest_route=%2Fwp%2Fv2%2Fmedia&parent=56565"}],"curies":[{"name":"wp","href":"https:\/\/api.w.org\/{rel}","templated":true}]}}

Serviços &#8211; Lei de Responsabilidade Fiscal &#8211; LRF

<h1>Lei de Responsabilidade Fiscal &#8211; LRF</h1>
<p style="text-align: center;"><strong>Publicação feita pelo CFA</strong></p>
<p>A presente publicação feita pelo Conselho Federal de Administração mostra que os benefícios esperados da LRF dependem da aplicação de princípios e práticas de gestão. Tem como finalidade auxiliar aos Dirigentes de organizações subordinadas ao texto da Lei de Responsabilidade Fiscal a bem operarem os recursos disponibilizados pela Administração. Além de apontar os aspectos relevantes da gestão, implícitos no texto legal, descreve temas e ferramentas úteis à prática dos Dirigentes.</p>
<p>Os temas de gestão oferecem subsídios para criar as condições necessárias ao cumprimento da LRF, e também para gerar resultados organizacionais e sociais significativos. São ao todo 15 temas, entre os quais estão: A prática do planejamento; O prejuízo de cortar pessoal; Estratégias úteis na capacitação de fontes de recursos em organizações públicas; Perfil do Dirigente de alto desempenho; A ética nas organizações; Contrato de festão; Cultura organizacional; Mudança na organização.</p>
<p>As ferramentas e práticas humanizadas de gestão são recursos que ajudam o Dirigente a ser mais eficiente e eficaz. Entre elas estão: Gestão de desempenho; Aprendizagem contínua; Diagnóstico da organização; Gestão de conflitos entre áreas da organização; Gestão participativa; e Técnicas de Reunião.</p>
<p>&#8220;A Lei de Responsabilidade Fiscal: uma abordagem gerencial&#8221; inclui também os itens &#8220;Formação do dirigente&#8221;, &#8220;Caso de gestão&#8221; e &#8220;Texto para estudo e reflexão&#8221;, visando ampliar as oportunidades de aperfeiçoamento e desenvolvimento dos Dirigentes.</p>
<p>A coleção é composta de 3 volumes, enfocando:</p>
<ul>
<li>Vol. I &#8211; A Prática da Gestão e o Dirigente</li>
<li>Vol. II &#8211; A Gestão Implícita no Texto da LRF</li>
<li>Vol. III &#8211; Habilidades e Estratégias para a Instrução</li>
</ul>
<p><strong>Nota: Os exemplares não poderão ser adquiridos separadamente.</strong></p>
<blockquote><p>&#8220;&#8230;numa primeira análise de conteúdo, considero-o muito importante, especialíssimamente os aspectos didáticos-pedagógicos contidos no último tomo. De parabéns está o Sistema CFA/CRAs por mais uma contribuição à compreensão dessa complexa temática do nosso cotidiano.&#8221;</p>
<p style="text-align: right;">Prof. Agamêmnom Rocha Souza<br />
Rio de Janeiro/RJ</p>
</blockquote>
<blockquote><p>&#8220;&#8230;cumpre-nos, também, expressar sinceros votos de parabéns ao CFA pela efetivação desse trabalho, que, ao mesmo tempo que promove e valoriza os Administradores profissionais brasileiros, igualmente enseja uma das mais valiosas contribuições do Sistema CFA/CRAs para a boa gestão pública do Brasil.&#8221;</p>
<p style="text-align: right;">Adm. Mário de Almeida Tourinho<br />
Presidente do CRA/PB</p>
</blockquote>
<blockquote><p>&#8220;O Conselho Regional de Administração do Rio Grande do Sul parabeniza toda a equipe envolvida na realização da obra trilogia &#8220;A Lei de Responsabilidade Fiscal: uma abordagem gerencial&#8221;. Afinal ela vem de encontro aos anseios da categoria principalmente no sentido de instrumentalizar as organizações públicas municipais e estaduais.&#8221;</p>
<p style="text-align: right;">Adm. Emir José Alves da Silva<br />
Presidente do CRA/RS</p>
</blockquote>
<blockquote><p>&#8220;Venho cumprimentá-lo pela edição dos três volumes sobre &#8220;A Lei de Responsabilidade Fiscal: uma abordagem gerencial&#8221;. Essa iniciativa é de todo elogiável e assinala um novo marco na nossa profissão.&#8221;</p>
<p style="text-align: right;">Adm. Jaime José Moura<br />
Conselheiro Suplente CRA/SC</p>
</blockquote>

<p>Lei de Responsabilidade Fiscal &#8211; LRF Publicação feita pelo CFA A presente publicação feita pelo Conselho Federal de Administração mostra que os benefícios esperados da LRF dependem da aplicação de princípios e práticas de gestão. Tem como finalidade auxiliar aos Dirigentes de organizações subordinadas ao texto da Lei de Responsabilidade Fiscal a bem operarem os<a class="read-more" href="https://crarn.org.br/?page_id=56565"> [&hellip;]</a></p>
